 - 3. What is m(1)?
3
Let w(f) = f**3 - 89*f**2 - 778*f + 236. What is w(97)?
42
Let l(h) = -2*h**2 + 79*h - 151. Determine l(38).
-37
Let u(z) = 2*z**2 - 81*z - 660. What is u(-7)?
5
Let u(q) = -q**2 + 107*q - 705. What is u(7)?
-5
Let b(d) = 33*d + 1258. Determine b(-12).
862
Let m(j) = 64*j**3 + 12*j**2 + 10*j - 1. Calculate m(-1).
-63
Let o(s) = -26*s + 147. What is o(6)?
-9
Let b(f) = -6*f**2 + 125*f + 19. Give b(20).
119
Let s(j) = -2*j**2 - 116*j - 341. Give s(-55).
-11
Let s(p) = -147*p + 1801. Calculate s(8).
625
Let d(g) = 197*g + 4346. Determine d(-22).
12
Let o(s) = -s**3 + 3*s**2 + 197*s + 182. Give o(16).
6
Let z(p) = p**3 - 21*p**2 + 15*p + 5. Determine z(18).
-697
Let n(l) = l**3 - 98*l**2 - 95*l - 404. Determine n(99).
-8
Let i(f) = -f**3 - f**2 + 49*f + 98. What is i(7)?
49
Let q(r) = -262*r - 37987. Give q(-145).
3
Let y(o) = -3*o**2 + 62*o + 94. Determine y(22).
6
Let w(l) = 3*l**3 - 83*l**2 + 54*l - 6. What is w(27)?
-6
Let m(y) = -y**3 - 17*y**2 - 4*y. Calculate m(-16).
-192
Let i(r) = 16*r**2 + 97*r + 11. What is i(-6)?
5
Let q(v) = 7*v**2 - 33*v + 202. What is q(6)?
256
Let n(w) = 1488*w - 1494. Calculate n(1).
-6
Let n(y) = -1547*y - 29399. What is n(-19)?
-6
Let j(q) = 317*q + 946. Calculate j(-3).
-5
Let h(s) = -4*s - 218. Determine h(17).
-286
Let c(t) = t**3 - 87*t**2 - 550*t + 10. Calculate c(-6).
-38
Let w(g) = 2*g**2 - 74*g - 718. Give w(-8).
2
Let g(h) = 2*h**2 - 19*h - 58. Calculate g(12).
2
Let d(p) = 52*p - 1726. Determine d(32).
-62
Let n(w) = 15*w**2 + 509*w + 494. Give n(-33).
32
Let i(x) = 8*x + 59. What is i(-8)?
-5
Let y(a) = 95*a - 1644. Determine y(17).
-29
Let v(z) = -27*z + 150. Determine v(7).
-39
Let a(w) = 3*w**2 - 320*w + 514. Give a(105).
-11
Let t(z) = 5*z - 2. Give t(8).
38
Let h(v) = -1113*v + 4444. What is h(4)?
-8
Let k(v) = -v**3 + 24*v**2 - 35*v - 215. What is k(22)?
-17
Let w(b) = b**3 - 60*b**2 + 684*b + 46. Give w(16).
-274
Let d(i) = i**3 - 9*i**2 + 7*i - 23. Give d(11).
296
Let n(t) = t**3 - 27*t**2 - 99*t + 278. Give n(30).
8
Let b(q) = q**3 - 11*q**2 - 138*q - 266. Calculate b(19).
0
Let z(a) = 3989*a - 4053. Determine z(1).
-64
Let h(l) = l**3 + 28*l**2 - 67*l - 65. Determine h(-30).
145
Let x(o) = -2*o**3 + 7*o**2 + 9*o + 22. Determine x(5).
-8
Let g(w) = 23*w - 526. What is g(22)?
-20
Let r(s) = s**3 - 15*s**2 + 30*s + 73. Determine r(12).
1
Let w(v) = -v**2 - 38*v - 60. Determine w(-25).
265
Let q(v) = 2*v**2 + 79*v - 615. Calculate q(8).
145
Let q(c) = -c**2 + 30*c + 292. Calculate q(34).
156
Let i(d) = d**3 - 43*d**2 - 230*d - 231. What is i(48)?
249
Let z(l) = 1536*l + 28. Calculate z(0).
28
Let g(c) = 4*c**2 - 11*c - 11. Determine g(6).
67
Let w(f) = 8*f**2 + 24*f - 40. Give w(1).
-8
Let p(t) = -6*t**3 + 2*t**2 + 4*t - 3. Determine p(2).
-35
Let o(x) = -8*x**2 - 29*x + 523. What is o(7)?
-72
Let q(x) = -6*x**3 - 4*x**2 + 2*x + 1. Calculate q(2).
-59
Let h(d) = 9*d - 90. Calculate h(14).
36
Let i(q) = q**3 - 32*q**2 - 71*q + 111. Give i(34).
9
Let x(y) = 20*y + 74. Calculate x(10).
274
Let b(d) = -d**3 + 312*d**2 - 333*d + 6846. Determine b(311).
4
Let a(v) = -1163*v - 26776. What is a(-23)?
-27
Let o(r) = -r**3 + r**2 - 116*r. Determine o(0).
0
Let t(z) = -8*z**3 - 81*z**2 - 38*z - 333. Calculate t(-10).
-53
Let a(b) = -75*b + 44. What is a(-4)?
344
Let p(v) = 2*v**2 - 98*v - 714. Determine p(55).
-54
Let l(r) = 2118*r**2 + 2116*r + 2. Determine l(-1).
4
Let d(c) = -c**3 + 27*c**2 + 45*c + 263. Calculate d(29).
-114
Let r(k) = -2*k**2 - 202*k - 422. Determine r(-100).
-222
Let f(r) = -2*r**2 + 66*r - 518. What is f(14)?
14
Let m(p) = -6*p**2 + 29*p - 156. Determine m(10).
-466
Let q(g) = g**3 + 3*g**2 + 48*g + 188. Give q(-4).
-20
Let z(g) = 3*g**2 + 13*g + 17. Calculate z(-3).
5
Let g(j) = -j**3 - 8*j**2 + 131*j + 3. Give g(8).
27
Let l(v) = -69*v - 900. Give l(-10).
-210
Let h(z) = -z**3 + 6*z**2 - 6*z + 30. Give h(6).
-6
Let h(b) = -b**3 + 50*b**2 - 268*b - 136. Give h(44).
-312
Let c(n) = -541*n - 1078. What is c(-2)?
4
Let k(q) = 7*q**3 - 11*q**2 - q + 7. What is k(2)?
17
Let t(u) = -38*u + 616. What is t(20)?
-144
Let a(m) = m**3 - 77*m**2 - 418*m + 658. Determine a(82).
2
Let j(u) = 4*u**3 + 105*u**2 + 55*u + 803. What is j(-26)?
49
Let d(f) = -748*f - 12719. Give d(-17).
-3
Let u(h) = 210*h**3 - 9*h**2 - 6*h + 2. Give u(-1).
-211
Let d(f) = 217*f - 2550. Determine d(11).
-163
Let x(c) = -c**3 - 10*c**2 - 5*c + 3. Determine x(-9).
-33
Let a(x) = x**3 - x**2 - 57*x - 153. What is a(-5)?
-18
Let d(b) = -74*b + 18. Calculate d(1).
-56
Let f(w) = w**2 + 85*w + 1082. Calculate f(-17).
-74
Let u(s) = 22*s - 75. Give u(4).
13
Let t(q) = -q**3 + 33*q**2 - 127*q + 21. Give t(29).
-298
Let w(t) = -2*t**3 - t**2 + 15*t + 46. Determine w(-4).
98
Let f(l) = -122*l + 78. Give f(-2).
322
Let w(a) = 3*a**2 - 4*a - 18. What is w(-3)?
21
Let k(x) = 2*x**3 + 32*x**2 + 34*x - 23. Determine k(-15).
-83
Let t(g) = -g**3 - 2*g**2 + 78*g + 188. Give t(9).
-1
Let y(v) = -2*v**2 + 93*v + 873. What is y(-8)?
1
Let v(p) = p**2 + 657*p - 657. Calculate v(1).
1
Let s(r) = -2200*r + 11016. Give s(5).
16
Let p(n) = -32*n**2 + 21*n - 74. Give p(3).
-299
Let w(l) = -10*l + 3. Give w(11).
-107
Let y(z) = -z**3 - 22*z**2 + 110*z + 154. What is y(-26)?
-2
Let t(p) = -2*p**2 - 33*p + 1240. Determine t(18).
-2
Let s(k) = -6*k - 365. Determine s(-60).
-5
Let y(x) = 199*x**2 - 14*x. Determine y(1).
185
Let i(l) = -3173*l + 15818. Calculate i(5).
-47
Let v(l) = -1397*l + 350647. Give v(251).
0
Let z(p) = 95*p - 1334. What is z(15)?
91
Let j(o) = 2*o**3 - 67*o**2 - 429*o. Calculate j(39).
0
Let v(o) = 7*o**2 + 130*o + 585. What is v(-11)?
2
Let h(j) = -9063*j - 45307. Calculate h(-5).
8
Let b(z) = 38*z**2 + 2584*z + 19. What is b(-68)?
19
Let v(i) = i**2 - 91*i + 1856. What is v(31)?
-4
Let y(n) = -19*n - 256. Calculate y(-17).
67
Let l(r) = -3*r**2 + 118*r - 1064. Calculate l(14).
0
Let r(h) = 62*h - 7115. Determine r(114).
-47
Let n(c) = 736*c + 60332. Calculate n(-82).
-20
Let g(r) = -r**3 + 4*r**2 - 8*r - 75. Calculate g(0).
-75
Let z(d) = d**3 - 10*d**2 + 20*d - 7. What is z(9)?
92
Let a(m) = m + 35. Give a(-5).
30
Let o(p) = -p**2 + 70*p + 135. What is o(-2)?
-9
Let x(j) = -j**2 - 63*j + 415. Determine x(-70).
-75
Let q(c) = -114*c**2 + 142*c + 141. Give q(-1).
-115
Let y(p) = -2*p**3 + 22*p**2 - 48*p + 10. Determine y(3).
10
Let p(n) = n**2 - 19*n - 124. Calculate p(20).
-104
Let o(h) = -28*h - 954. Calculate o(-34).
-2
Let c(r) = 4*r**3 + 34*r**2 - 8*r - 97. Calculate c(-8).
95
Let u(d) = -182*d + 907. Calculate u(5).
-3
Let f(w) = -w**3 + 5*w**2 + 45*w - 7. Calculate f(-5).
18
Let c(a) = -324*a + 2566. Determine c(8).
-26
Let h(c) = -7*c**3 - 1031*c**2 - 289*c + 739. Calculate h(-147).
4
Let h(l) = 3*l**2 - 114*l - 58. Determine h(39).
59
Let i(m) = -4*m**2 + 142*m - 227. Calculate i(33).
103
Let c(d) = -30*d - 147. Calculate c(-5).
3
Let h(i) = i**2 + 146*i + 2300. Determine h(-18).
-4
Let s(j) = -109*j + 215. Calculate s(4).
-221
Let w(v) = -v**2 + 39*v - 21. Calculate w(21).
357
Let d(p) = 232*p + 144. Calculate d(0).
144
Let f(q) = -q**2 - 10*q + 37. Determine f(-14).
-19
Let x(g) = -g**3 + 24*g**2 + 22*g - 1462. What is x(22)?
-10
Let x(o) = -38*o + 1179. Calculate x(30).
39
Let l(o) = 49*o + 110. Give l(-4).
-86
Let z(d) = d**2 - 697*d + 8217. What is z(12)?
-3
Let b(s) = -2*s**2 - 226*s + 2724. Calculate b(-124).
-4
Let c(v) = 75*v - 842. Calculate c(12).
58
Let d(i) = -10923*i + 32767. What is d(3)?
-2
Let i(r) = r**3 - 7*r**2 + 5*r + 41. Determine i(9).
248
Let h(m) = 91*m - 1802. Give h(21).
109
Let h(l) = 518*l + 4138. Calculate h(-8).
-6
Let i(t) = -t**3 + 13*t**2 + 6*t + 2. Calculate i(13).
80
Let h(m) = 112*m + 1318. Determine h(-12).
-26
Let p(i) = -i**2 + 269*i - 1038. Calculate p(4).
22
Let c(h) = -h**2 + 45*h - 146. What is c(41)?
18
Let y(i) = -i**3 + 68*i**2 - 719*i + 183. Calculate y(55).
-37
Let h(j) = j**3 - 39*j**2 + 659. Give h(38).
-785
Let g(w) = -86*w - 483. Calculate g(-5).
-53
Let l(f) = 7*f**2 + 44*f + 54. Give l(-5).
9
Let j(r) = 10429*r - 93854. Give j(9).
7
Let z(u) = u**2 - 36*u + 244. Give z(10).
-16
Let p(y) = -y**3 - 10*y**2 + 49*y + 6. Determine p(-14).
104
Let i(t) = -141*t + 7055. Determine i(50).
5
Let v(u) = -9*u - 42. Give v(-3).
-15
Let m(y) = 16*y*